 -3 + 5 + 5 - (-9 - (-2 + -18)).
-4
Evaluate -1 + -7 - (-22 - -26).
-12
What is the value of (0 - -32) + (-96 - -77)?
13
What is 42 + -45 + (-1 + (0 - 1) - 3)?
-8
(-18 - -22) + (1 - 6)
-1
32 + (-4 - (12 + 0))
16
Evaluate (2 - 9) + 207 + -216.
-16
Calculate (5 - (7 - (-2 - 2))) + 5.
-1
What is -12 + (-26 + 32 - -19)?
13
Calculate (104 - 91) + -2 + (4 - 5).
10
Calculate -31 + 25 + (8 - 14).
-12
Evaluate -4 - 1 - (6 - -42 - 73).
20
10 - -1 - (-357 - -373)
-5
Evaluate (-14 - -31) + -7 + (5 - -2 - -1).
18
What is the value of 32 - -1 - (0 + -17 + 14)?
36
What is (1 - 8) + 18 - (-3 - (6 - 2))?
18
19 + (0 + -39 - (279 + -286))
-13
Calculate 9 + (11 - ((6 - -6) + -6 - 8)).
22
Evaluate (2 + -1 + 2 - -6) + (-2 - -4).
11
What is -9 + -14 + (49 - 14)?
12
Evaluate 2139 - 2119 - ((9 - -2) + -2).
11
What is the value of -14 + (-5 + 4 - -6 - -3) + -20?
-26
11 - ((-4 - (-2 + -6)) + -3 + 3)
7
What is the value of (-264 + 260 - (-1 - -20)) + (-2 - 1)?
-26
Evaluate -8 - (3 + (-5 - (-1 + 0)) - -2).
-9
What is the value of -9 - ((8 - (1 - -4)) + -6)?
-6
(9 - -1) + -5 + (14 - 13)
6
Calculate (13 - (32 - 25)) + -3 + -1.
2
What is 46 + -13 + -4 + -21?
8
What is the value of (10 + -1 - (-5 + 6) - 10) + -7?
-9
What is 28 - 30 - (1 - (2 + -6))?
-7
What is the value of (-23 - (-61 - -36)) + -6?
-4
What is the value of -14 - ((-508 - -454) + (15 - 0))?
25
Calculate 11 - (-2 - -28) - -27.
12
What is the value of -40 - -1 - (-18 + -26)?
5
6 + -2 + -2 + -1 + -7 - 1
-7
-29 + -17 + (-9 - (-22 + -16))
-17
3 + (-6 + -9 - 9)
-21
What is -31 - (7 - 16) - -15?
-7
Calculate 9 + (-21 - -4) + 12.
4
What is the value of -1 + 22 + -16 + (22 + -5 - -8)?
30
What is 0 + 24 - (26 + -13)?
11
What is (-6 - 4) + (13 - (11 - 8))?
0
What is -5 + 16 + 10 - 13?
8
What is the value of (8 - -3) + -1 + -1 - (-20 - -2)?
27
Calculate -4 - (-10 - 6) - 14.
-2
Evaluate -10 + 3 + -4 + (18 - -5) + -4.
8
What is (-33 - -36) + (4 + -2 - 0) + -1?
4
What is the value of 10 + -18 + -38 + 49?
3
Evaluate -114 + 114 + -15 + -2 + 1.
-16
What is the value of 45 + (39 - 45) + -24?
15
What is the value of 11 + -9 + -7 + -7 + -1?
-13
What is 29 + ((12 - -1) + -2 - 22)?
18
What is (29 - 22) + 12 + -4?
15
What is 44 - (27 - (31 + -23))?
25
What is -1 + 17 + -122 + 115?
9
What is 16 - -3 - (5 + (-21 - -31))?
4
What is the value of (0 - 1) + (-79 - -80) + -6?
-6
What is the value of (-2 + 21 - 22) + 7?
4
Calculate (4 - (4 - (1 - 0))) + (-3 - -6).
4
Evaluate (4 - (25 + -6)) + 33.
18
Calculate (-4 - 4 - -11) + (12 - 16).
-1
What is the value of 13 + 4 + -22 + -8?
-13
Calculate 2 + 21 - (-70 + 83).
10
Evaluate 10 + 6 + -16 + (9 - 1).
8
What is the value of 6 + (4 - 6 - -20) - 9?
15
Calculate -4 + -2 + 4 - -13 - (178 + -176).
9
-32 + 44 + (-19 - -3)
-4
Evaluate -14 + (-1 - 1) + 5.
-11
What is (-2 - -11) + 0 + 1 + 4?
14
Calculate -10 + -1 + -17 + (23 - 9).
-14
What is -12 + (-7 + 6 - (0 + -3)) + -5?
-15
What is 18 + (-7 - -3 - (2 + -2) - 1)?
13
What is the value of -2 - (18 + -7 + 3)?
-16
(-24 - -24) + -11 + (-2 - (1 - 4))
-10
Calculate 13 + (18 + (-6 - 4) - 13).
8
Evaluate (12 - (-36 - (6 - 17))) + -10.
27
(-2 - -33) + -925 + 926
32
What is -5 + -4 + -6 + (-3 - -16) + 2?
0
What is -21 + -1 - (-131 + 105)?
4
11 + 0 + (-11 - -17)
17
Evaluate -66 + 49 - (1 + 1 - 12).
-7
What is -51 + -19 + 39 + 10?
-21
Calculate 4 + (-3 - (-1 + 5 - 1)) + 0.
-2
Calculate 23 - (-3 - -65 - 23).
-16
Calculate (3 - 1) + -2 + -150 + 159.
9
-7 - (-24 + 11) - (2 - (1 - 4))
1
What is the value of -7 - 8 - (-17 - (-43 + 10))?
-31
Calculate (-5 - -11) + 6 + (-1 - 5) + 7.
13
What is 14 - 23 - (3 - (21 - 4))?
5
Evaluate (9 - -2) + -64 - -28.
-25
What is -38 - ((31 - 40) + -25)?
-4
-2 + (6 - -1) + (-22 - (2 - 7))
-12
What is the value of -19 + 9 - (-4 - 18)?
12
5 + -15 + 3 + -8
-15
What is the value of 2 - (1 + 9) - (-12 - 7)?
11
What is -33 - (6 + -32) - (7 + (2 - 3))?
-13
Calculate 1 + -6 + 5 - 8 - (-21 - 19).
32
Evaluate 25 + -29 + 0 + 2 + -14 + 0.
-16
Calculate -7 + 9 + 13 + -1.
14
-6 + (8 - 1) + 5 - -6
12
What is the value of -40 + 37 + 8 + 0 + -14?
-9
Calculate 11 - (16 + -18 - -7) - -9.
15
Calculate 6 + -14 + 23 + -2 + -1 + 3.
15
Calculate (-2 + -5 - (-8 - -5)) + 51 + -46.
1
Evaluate 9 + -35 - -48 - 1.
21
What is the value of 14 + -1 - (8 + -2) - (0 - -33)?
-26
(1 - (-2 + 0)) + (12 - 13) + 7
9
Calculate 6 + 2 + -6 + 5 + (-2 - -3).
8
-3 + 7 + 2 - (8 - (-5 + 8))
1
Calculate (7 - (5 - (-2 - -5))) + -1.
4
1317 + -1322 + (1 - 2) + 33
27
What is the value of 1 + -12 + (-8 + 51 - 9)?
23
Evaluate 288 + -236 + 4 + -20 + 4.
40
What is the value of 4 - (4 + 3 + 17) - (-49 + 51)?
-22
0 + 11 + -4 - 3 - -5
9
(-4 - -16) + 3 + (24 - -1)
40
What is the value of -18 - (-2 + -1 + 2 + -1)?
-16
(2718 - 2723) + (22 - 1) + -1 + 0
15
(0 - 11) + (119 - 92)
16
What is 14 + 5 + 4 + 9?
32
Evaluate -15 + 7 + -2 - (-9 - -1).
-2
Calculate 17 + 1 + (-1 - 7) - 5.
5
(-296 - -285) + 1 + 12
2
What is the value of 6 + -1 - (5 + -3) - -5 - -1?
9
Evaluate (29 - (39 - 26)) + -36.
-20
Evaluate 5 - (12 + -12 + -5 - -25).
-15
Evaluate 26 - (8 - (2 + 4 + -6)).
18
What is -14 + 14 + -4 - (5 + -4 - -9)?
-14
Calculate -7 + (24 - (-15 + 38)).
-6
Calculate -3 + 2 - (-6 - -5 - (-16 - -8)).
-8
15 + -16 + (15 - -7) + -42
-21
Evaluate (-14 - -14) + 5 + 2 + 0.
7
Calculate (-13 - -11 - 20) + (5 - -1) + -7.
-23
What is the value of 14 + (17 - 3) + 39 + -48?
19
What is -17 - (-5 + 15 - (-11 + 18))?
-20
Evaluate 5 + 4 + -5 - 12 - 14.
-22
What is -1 + 7 + (4 - (22 + -13)) + 1?
2
Evaluate (12 - -15) + -32 - 29.
-34
Evaluate 7 - (0 - -3) - (26 + -23 + 18).
-17
15 + -2 + (0 - (-11 - -10))
14
What is 3 + -4 - (-124 - -141)?
-18
What is 5 - (-29 - (-13 - -4 - 7))?
18
What is the value of -1 + -2 + -21 + 6 + 8?
-10
-8 - (-6 - -2) - -6
2
Evaluate -38 + -43 + 40 + 21.
-20
What is the value of 10 - 9 - (6 - -1)?
-6
Evaluate (0 - 0) + 14 + -20 + 12 + -5.
1
Calculate 11 + -20 + 28 - (-1 - -3) - 6.
11
Calculate -29 - (-62 - -27) - (1 + 13).
-8
What is 1 + (-9 - -1) + (31 - 20 - 10)?
-6
What is (6 - 28) + -20 + 51?
9
What is 4 - (6 + (30 - (-5 + 7)))?
-30
Calculate 7 + ((1 + 6 - 2) + -2 - 38).
-28
What is -6 - (8 - (-15 + 12) - (-2 - -2))?
-17
8 - (3 + -2 + -10 + 5 + 10)
2
Evaluate -2 + (0 + 2 + 6 + -15 - -3).
-6
Evaluate (25 - 9) + -8 + (2 - 1).
9
What is the value of -4 + 10 + 8 + 9 + -6 + -6?
11
Calculate -19 - ((-7 - (-7 + 4)) + 2).
-17
Evaluate (13 - 24) + 19 - (1 - 3 - -2).
8
Calculate 14 - (27 - (6 + 14)).
7
What is the value of 303 - 317 - (0 - 16)?
2
Calculate (-18 - 0) + (-23 - (-66 + 34)).
-9
-1 - (-41 + 14 + 20)
6
Evaluate 10 + 18 + -25 - (4 + -2 + 5).
-4
What is the value of 11 - (36 + -12 - 16)?
3
Evaluate -6 - (-30 + 1 - -18).
5
(248 - 244) + (14 - (2 + -2))
18
(-8 - (-70 - -56)) + 2 + 0 + -11
-3
(-25 - (6 - 3)) + 6
-22
Calculate 86 + -90 - (2 + 10) - -10.
-6
Evaluate -13 - ((-16 - -16) + -9).
-4
What is the value of 8 - -1 - 9 - 11?
-11
What is the value of -24 + -6 + -2 + 10 + 2?
-20
Evaluate (0 - (-5 - 1) - (12 - 0)) + 3.
-3
What is the value of -57 - -64 - (0 - -1 - -5)?
1
What is -45 + (6 - (5 + 13)) + 26?
-31
-14 - (-9 + -5) - (1 - (-25 + 0))
-26
What is the value of (-11 - -2) + (-8 - -8)?
-9
9 + (4 - (-5 - -3)) + 6
21
What is 4 + 3 + -6 + 2 - 1?
2
What is the value of 0 - 8 - (6 - (2 + -7))?
-19
What is the value of 3 + (8 - 4) - (-6 - -10) - 2?
1
Calculate 3 - 24 - (-775 - -791).
-37
-1 + 2 + (-2 - (-8 + 11))
-4
Evaluate -29 - -9 - (-8 - 5).
-7
Calculate 2 + 27 + (-9 - (0 + (0 - -1))).
19
Calculate 12 - (-9 - (5 + 16 + -13)).
29
What is the value of 0 + (8 - (-3 + 9 - -3))?
-1
What is 2 - ((70 - 70) + -1 + -3)?
6
Evaluate 11 + (-21 - -12 - -14).
16
Calculate (5 - -1) + (-3 - 12 - -5) + 6.
2
What is the value of 2 - (-1 - (3 - -11))?
17
Evaluate (-12 - -12 - (8 - 2)) + -9 + -1.
-16
Calculate 11 + (-6 - 29) + (10 - (-2 - -2)).
-14
Calculate (-15 - (0 + 2)) + (1446 - 1403).
26
What is (-44 + 9 - -30) + 9 + 1?
5
Evaluate 21 + -4 - 13 - (-1 - 6).
11
Evaluate 0 + 0 + (-29 - -41) + -15.
-3
What is the value of (-3 - -25 - 56) + 65?
31
Calculate 0 + -6 + 115 + -106 + -5 + -2.
-4
What is 10 - -3 - (-7 - (-20 - -10))?
10
What is the value of 2 - (29 - (4 + 21))?
-2
What is the value of (-1 - 10) + -5 - (-4 + (9 - 0))?
-21
Evaluate 1 + 24 + -6 + (12 - (-2 + 10)).
23
What is (2 + -2 - (-21 + 14)) + 5?
12
What